atest common factor of 192 and m?
24
Suppose -3*b - 5 = -11, 0 = -h + 2*b + 62. What is the highest common divisor of h and 165?
33
Suppose -17 = b - 83. Let u = 15 - 9. What is the greatest common divisor of u and b?
6
Suppose 3*s - i - 3*i = -32, -3*i = -6. Let r be (-3)/(-12) - 646/s. Calculate the highest common divisor of r and 9.
9
Let c be (-1)/(1/(-4)*2). Suppose -91 = -5*m - c*t, t - 22 - 49 = -4*m. What is the highest common divisor of 187 and m?
17
Let s = 15 + -2. Calculate the greatest common factor of s and 39.
13
Suppose 0*v = 5*v. Let w be (v/2 - -7) + -2. Let o be 2/3*3300/40. What is the greatest common divisor of w and o?
5
Let y = -8 - -6. Let i be 1/1*(5 + y). Suppose 0 = -q + 5*q - 4*t - 92, -2*q + 38 = -4*t. Calculate the greatest common divisor of q and i.
3
Let n = -103 - -147. What is the highest common factor of 11 and n?
11
Let y(j) = j**2 - 9*j + 4. Let v be y(9). Let z = 5 - v. Calculate the greatest common divisor of 4 and z.
1
Let q be ((-6)/(-4))/(9/30). Suppose -2*p = 8, -k = -q*k + 2*p + 68. Suppose -17 - 13 = -2*d. What is the greatest common divisor of d and k?
15
Let l = -15 - -24. What is the highest common factor of 3 and l?
3
Let p be 7/5 + (-24)/(-40). Suppose 7 = -w - a - a, p*a + 8 = 0. Calculate the greatest common divisor of w and 3.
1
Suppose -7 = -k - 3. Suppose 3*v + 0*s + 105 = -3*s, 0 = k*v - 3*s + 168. Let y = 55 + v. What is the greatest common divisor of y and 128?
16
Let f be (290/25)/(2/10). Calculate the greatest common divisor of f and 290.
58
Let k be (6/(-3))/(4/(-538)). Let d = k - 71. Suppose 0 = -y - 0*y + 18. What is the highest common factor of d and y?
18
Let o be -148 - (1 + -3 - -5). Let y be 9/21 - o/7. What is the highest common factor of 2 and y?
2
Let w = 27 - 12. Calculate the highest common divisor of w and 3.
3
Let f = 9 - 9. Let g be 10/2 + f + 4. Calculate the greatest common factor of g and 45.
9
Let h = 19 + -11. Suppose 4 = -r + 10. Let x be ((-48)/5)/(r/(-40)). Calculate the greatest common divisor of h and x.
8
Let k(v) = -v**2 + v + 2. Let q be k(0). Suppose 2*x - 5 = x. What is the greatest common factor of x and q?
1
Suppose 12 = 3*o - 3*r, 3*r - 2 = 3*o - 7*o. Let k be o/5 + 146/10. What is the greatest common factor of 6 and k?
3
Let g(x) be the third derivative of x**5/60 + x**4/12 - x**3/6 + x**2. Let l be g(2). Let i = -28 + 49. Calculate the greatest common factor of i and l.
7
Let a be 3/(15/(-2)) - 122/(-5). Calculate the highest common factor of 6 and a.
6
Suppose 4 = 5*b - 6. Suppose 12 = b*d + d. Suppose 4 = 7*q - 3*q. What is the greatest common factor of q and d?
1
Let s be 15/2*(-74)/(-111). Suppose 124 = 5*o - 51. What is the greatest common divisor of s and o?
5
Let s = -24 + 30. What is the greatest common divisor of s and 12?
6
Let d be (-6)/21 + (-38)/14. Let q(g) = g**2 + g + 2. Let t be q(d). What is the highest common factor of t and 8?
8
Suppose 0 = 2*f - 6, -4*o = f - 296 + 73. Suppose 0 = -5*r, 2*p = 5*p + 4*r - 33. What is the greatest common factor of p and o?
11
Let i = 59 - 35. Suppose -i = -2*z - z. What is the greatest common divisor of 24 and z?
8
Suppose -37 = 2*r - 69. What is the highest common factor of 16 and r?
16
Let z(q) = -q**2 + 11*q + 9. Let m = 4 - -7. Let u be z(m). What is the highest common factor of u and 27?
9
Suppose 260 + 115 = 5*t. Suppose -3*b = -2*b. Suppose 5*z + t - 660 = b. What is the highest common divisor of z and 13?
13
Let p(c) = -c**2 - 7*c - 4. Let f be p(-6). Let x = 30 + -15. Suppose r + w - 4 = 0, 3*r - x = -w - 3*w. Calculate the greatest common divisor of f and r.
1
Let q(c) = -c**2 + 3*c + 2. Let v be q(-2). Let w be (-2)/9 - v/36. Suppose -12 = 4*d, 5*n - 28 = d - w*d. What is the greatest common divisor of 2 and n?
1
Let o(b) = 15*b + 2. Let m be o(2). Suppose -i + 2*i = m. Suppose 0 = -2*j - 2*n + 14, 5*n - 8 = 7. What is the greatest common divisor of i and j?
4
Let x(j) = j**2 - 8*j - 5. Let q(v) = -v**2 - 8*v + 2. Let h be q(-7). Let r be x(h). What is the greatest common factor of r and 28?
4
Let x(w) = 2*w - 3. Let b be x(-3). Let o be 18/1*(-3)/b. What is the greatest common divisor of o and 4?
2
Let j(k) = 2*k - 2. Let s be j(7). Calculate the highest common factor of s and 108.
12
Let t(c) = -2*c**3 - 2*c**2 - c - 4. Let m be t(-3). Calculate the highest common factor of m and 7.
7
Suppose 3*l = 2*t + 44, 2*t + 58 = l + 3*l. Calculate the highest common divisor of 14 and l.
14
Suppose 2*s - 93 = 3*j, -s - 5*j + 6 = -8. What is the greatest common factor of 39 and s?
39
Let j = -4 + 6. Let v be j/(-5) + (-126)/(-15). Suppose 3*b + g - 56 = 0, 2*g - 92 = -b - 4*b. What is the greatest common factor of b and v?
4
Let d(r) = r**3 - 5*r**2 + 2*r - 2. Suppose -6*k + 2*k + 20 = 0. Let y be d(k). Calculate the highest common factor of y and 24.
8
Suppose -6*r - 76 = -556. What is the greatest common divisor of r and 10?
10
Let q = 1 - -1. Suppose n + n - 4 = 0. Calculate the highest common divisor of n and q.
2
Let n = 5 - -5. Suppose -13*v = -9*v - 80. Let g = v - n. What is the greatest common factor of 4 and g?
2
Let q be (0/1 - -3) + 3*4. What is the greatest common factor of 10 and q?
5
Suppose 2*z - 396 = 2*f + 68, -2*z - 3*f + 454 = 0. Calculate the highest common divisor of 23 and z.
23
Let g(m) = -m + 2. Let r be g(-1). Suppose t = -4*t - 3*j + 23, 0 = -3*j + r. What is the greatest common factor of t and 36?
4
Suppose 3*n - 275 - 109 = 0. Suppose 256 = 2*a + 2*a - 5*h, -4*h = -2*a + n. What is the highest common divisor of 8 and a?
8
Suppose -m = 2*m. Suppose -h + 53 = 3*o, 4*o - 2*o - 3*h - 39 = m. Calculate the greatest common factor of 6 and o.
6
Let l(y) = y**3 + 16*y**2 + 13*y - 17. Let r be l(-15). What is the highest common factor of 65 and r?
13
Suppose 5*v - 124 = v. Suppose -v + 6 = -5*n. Suppose 48 = 2*c - 0*w + 3*w, 0 = -n*c - 4*w + 120. Calculate the greatest common factor of c and 60.
12
Suppose m = 2*i - 0*m - 50, 0 = -m - 2. What is the greatest common factor of 60 and i?
12
Let r be 17 - (0 - -2)*(-9)/(-6). What is the greatest common factor of r and 14?
14
Let q = 88 - 51. Suppose -4*g + q = -47. Calculate the greatest common divisor of g and 7.
7
Suppose 0*t = -4*t + 16. Let z be 224/6 + t/(-12). Suppose -31 = -4*c + n, -4*c + n + z = -2*n. What is the greatest common factor of 14 and c?
7
Suppose 0 = 2*s + 3*s - 105. Calculate the highest common factor of 231 and s.
21
Suppose -245 = -f - 4*f. What is the highest common divisor of 7 and f?
7
Suppose j = -0*j + 16. Calculate the highest common factor of 40 and j.
8
Let w = 15 + -10. Let s = w - -6. Let a be (-2)/(-4)*-2 - -12. Calculate the highest common divisor of s and a.
11
Let f(h) = -h**2 - 11*h - 10. Suppose -3*n - 4 = 20. Let m be 0 + n + 3 + -2. Let p be f(m). Calculate the greatest common factor of 12 and p.
6
Suppose -5*k + 352 = -263. Calculate the highest common divisor of 41 and k.
41
Suppose -u = 1, -428 = -4*a - 4*u + 536. Calculate the greatest common factor of a and 22.
22
Suppose 0*y - 2*y - 3*l = -100, -4*y - l = -200. Let x = 222 + -212. Calculate the highest common divisor of y and x.
10
Let w = 1 - 1. Suppose 0 = -5*g - w*g + 135. Suppose -8*t + 18 = -7*t. Calculate the highest common factor of g and t.
9
Suppose 0 = -2*l + 18 - 4. Calculate the greatest common divisor of 35 and l.
7
Suppose 3*m - 5*f - 35 = 0, -4 = 2*m + 4*f + 2. Let s = -1 - -4. Let t be s/(441/(-150) + 3). What is the greatest common divisor of m and t?
5
Let r be 4 + 1 + (-4 - -7). What is the greatest common divisor of 6 and r?
2
Suppose -5*p + 23 = -82. What is the highest common divisor of 14 and p?
7
Suppose 7*b - 132 = 5*b. Calculate the highest common divisor of 99 and b.
33
Let r(y) = 2*y**3 - 2*y**2 - 1. Let p be (-15)/25 - 13/(-5). Let q be r(p). Calculate the greatest common factor of q and 7.
7
Let n(v) = -v + 8. Let y be n(6). Let u(b) = -6*b - 2. Let q be u(y). Let l be -2 - 7/(q/200). What is the highest common factor of 14 and l?
14
Let o(x) = 132*x**2 + 2*x - 1. Let p be o(1). Calculate the greatest common divisor of 7 and p.
7
Let o(i) = i - 5. Let q be o(-7). Let g = q + 19. Calculate the highest common divisor of g and 35.
7
Let o be (-799)/(-34) - (-2)/(-4). Calculate the highest common facto